 prime factors of 2735.
5, 547
What are the prime factors of 4712?
2, 19, 31
What are the prime factors of 3428?
2, 857
List the prime factors of 5384.
2, 673
List the prime factors of 2706.
2, 3, 11, 41
List the prime factors of 121898.
2, 7, 8707
List the prime factors of 260.
2, 5, 13
What are the prime factors of 2191?
7, 313
What are the prime factors of 183?
3, 61
What are the prime factors of 52017?
3, 7, 2477
What are the prime factors of 1225?
5, 7
What are the prime factors of 20689?
17, 1217
List the prime factors of 65429.
7, 13, 719
List the prime factors of 14399.
7, 11, 17
What are the prime factors of 261?
3, 29
What are the prime factors of 3041?
3041
List the prime factors of 9100.
2, 5, 7, 13
What are the prime factors of 5458?
2, 2729
List the prime factors of 635.
5, 127
List the prime factors of 14678.
2, 41, 179
List the prime factors of 15196.
2, 29, 131
What are the prime factors of 1233?
3, 137
What are the prime factors of 20734?
2, 7, 1481
What are the prime factors of 1985?
5, 397
List the prime factors of 3568.
2, 223
List the prime factors of 59813.
13, 43, 107
What are the prime factors of 4698?
2, 3, 29
List the prime factors of 1728.
2, 3
What are the prime factors of 43873?
73, 601
List the prime factors of 5752.
2, 719
What are the prime factors of 34199?
11, 3109
List the prime factors of 1076.
2, 269
List the prime factors of 69692.
2, 7, 19, 131
List the prime factors of 37054.
2, 97, 191
List the prime factors of 25895.
5, 5179
What are the prime factors of 99014?
2, 31, 1597
List the prime factors of 8910.
2, 3, 5, 11
What are the prime factors of 2091?
3, 17, 41
What are the prime factors of 41340?
2, 3, 5, 13, 53
List the prime factors of 709.
709
What are the prime factors of 6632?
2, 829
What are the prime factors of 12261?
3, 61, 67
What are the prime factors of 2426?
2, 1213
List the prime factors of 14110.
2, 5, 17, 83
What are the prime factors of 1400?
2, 5, 7
What are the prime factors of 46149?
3, 15383
List the prime factors of 278.
2, 139
What are the prime factors of 2058?
2, 3, 7
List the prime factors of 5970.
2, 3, 5, 199
What are the prime factors of 875?
5, 7
List the prime factors of 9375.
3, 5
What are the prime factors of 2709?
3, 7, 43
What are the prime factors of 9209?
9209
List the prime factors of 1163.
1163
What are the prime factors of 556?
2, 139
List the prime factors of 2599.
23, 113
List the prime factors of 302.
2, 151
What are the prime factors of 532?
2, 7, 19
What are the prime factors of 1204?
2, 7, 43
List the prime factors of 3693.
3, 1231
What are the prime factors of 36876?
2, 3, 7, 439
List the prime factors of 1149.
3, 383
What are the prime factors of 2850?
2, 3, 5, 19
What are the prime factors of 1125?
3, 5
List the prime factors of 1111.
11, 101
List the prime factors of 775.
5, 31
What are the prime factors of 17884?
2, 17, 263
What are the prime factors of 4833?
3, 179
List the prime factors of 320.
2, 5
List the prime factors of 129.
3, 43
What are the prime factors of 13458?
2, 3, 2243
List the prime factors of 4210.
2, 5, 421
What are the prime factors of 869?
11, 79
What are the prime factors of 510?
2, 3, 5, 17
What are the prime factors of 10704?
2, 3, 223
What are the prime factors of 5114?
2, 2557
What are the prime factors of 8374?
2, 53, 79
List the prime factors of 2401.
7
List the prime factors of 748.
2, 11, 17
List the prime factors of 22065.
3, 5, 1471
What are the prime factors of 30324?
2, 3, 7, 19
What are the prime factors of 44961?
3, 7, 2141
What are the prime factors of 1236?
2, 3, 103
What are the prime factors of 17750?
2, 5, 71
List the prime factors of 34315.
5, 6863
List the prime factors of 25895.
5, 5179
List the prime factors of 676.
2, 13
What are the prime factors of 8272?
2, 11, 47
List the prime factors of 27822.
2, 3, 4637
What are the prime factors of 52699?
151, 349
List the prime factors of 41092.
2, 10273
List the prime factors of 836.
2, 11, 19
What are the prime factors of 770?
2, 5, 7, 11
What are the prime factors of 8799?
3, 7, 419
What are the prime factors of 9501?
3, 3167
List the prime factors of 7544.
2, 23, 41
What are the prime factors of 2343?
3, 11, 71
What are the prime factors of 30484?
2, 7621
What are the prime factors of 258?
2, 3, 43
List the prime factors of 57550.
2, 5, 1151
What are the prime factors of 1574?
2, 787
What are the prime factors of 1695?
3, 5, 113
What are the prime factors of 16232?
2, 2029
List the prime factors of 8250.
2, 3, 5, 11
What are the prime factors of 18962?
2, 19, 499
List the prime factors of 37560.
2, 3, 5, 313
List the prime factors of 36931.
36931
List the prime factors of 104.
2, 13
What are the prime factors of 2037?
3, 7, 97
List the prime factors of 6029.
6029
List the prime factors of 1760.
2, 5, 11
List the prime factors of 911.
911
List the prime factors of 22435.
5, 7, 641
What are the prime factors of 24529?
19, 1291
List the prime factors of 828.
2, 3, 23
List the prime factors of 7237.
7237
List the prime factors of 114655.
5, 23, 997
List the prime factors of 60154.
2, 19, 1583
List the prime factors of 1504.
2, 47
List the prime factors of 115080.
2, 3, 5, 7, 137
List the prime factors of 97231.
97231
What are the prime factors of 332?
2, 83
What are the prime factors of 34846?
2, 7, 19, 131
List the prime factors of 605.
5, 11
List the prime factors of 16773.
3, 5591
What are the prime factors of 19457?
19457
What are the prime factors of 4867?
31, 157
List the prime factors of 2789.
2789
List the prime factors of 46948.
2, 11, 97
List the prime factors of 4412.
2, 1103
What are the prime factors of 374?
2, 11, 17
What are the prime factors of 1342?
2, 11, 61
What are the prime factors of 2164?
2, 541
List the prime factors of 2743.
13, 211
What are the prime factors of 3414?
2, 3, 569
What are the prime factors of 226?
2, 113
List the prime factors of 38682.
2, 3, 7, 307
List the prime factors of 305.
5, 61
What are the prime factors of 34094?
2, 17047
What are the prime factors of 13278?
2, 3, 2213
List the prime factors of 2003.
2003
What are the prime factors of 496?
2, 31
List the prime factors of 3458.
2, 7, 13, 19
List the prime factors of 7781.
31, 251
What are the prime factors of 2502?
2, 3, 139
List the prime factors of 5380.
2, 5, 269
What are the prime factors of 122313?
3, 40771
What are the prime factors of 8360?
2, 5, 11, 19
List the prime factors of 1237.
1237
List the prime factors of 1816.
2, 227
What are the prime factors of 2596?
2, 11, 59
List the prime factors of 5936.
2, 7, 53
What are the prime factors of 17290?
2, 5, 7, 13, 19
List the prime factors of 85678.
2, 42839
List the prime factors of 961.
31
What are the prime factors of 1168?
2, 73
List the prime factors of 4975.
5, 199
What are the prime factors of 13130?
2, 5, 13, 101
List the prime factors of 5634.
2, 3, 313
List the prime factors of 2142.
2, 3, 7, 17
List the prime factors of 2531.
2531
List the prime factors of 436.
2, 109
List the prime factors of 2628.
2, 3, 73
List the prime factors of 1037.
17, 61
List the prime factors of 7833.
3, 7, 373
List the prime factors of 39091.
13, 31, 97
What are the prime factors of 16619?
16619
List the prime factors of 29101.
29101
What are the prime factors of 13244?
2, 7, 11, 43
What are the prime factors of 1132?
2, 283
What are the prime factors of 45244?
2, 11311
What are the prime factors of 311?
311
What are the prime factors of 8111?
8111
What are the prime factors of 1977?
3, 659
What are the prime factors of 2463?
3, 821
List the prime factors of 39153.
3, 31, 421
List the prime factors of 1128.
2, 3, 47
List the prime factors of 934.
2, 467
List the prime factors of 36617.
7, 5231
List the prime factors of 55200.
2, 3, 5, 23
What are the prime factors of 1568?
2, 7
List the prime factors of 1223.
1223
List the prime factors of 53592.
2, 3, 7, 11, 29
What are the prime factors of 119534?
2, 59, 1013
List the prime factors of 48760.
2, 5, 23, 53
List the prime factors of 24882.
2, 3, 11, 13, 29
What are the prime factors of 2796?
2, 3, 233
List the prime factors of 2264.
2, 283
List the prime factors of 36406.
2, 109, 167
What are the prime factors of 15201?
3, 563
What are the prime factors of 51?
3, 17
What